 33. Let w = a + -42. Is w - (1 + -8)*16 a prime number?
False
Let c(n) = 5671*n + 6603. Is c(8) a prime number?
True
Let o(k) = 5403*k + 1 - 4 - 5401*k + 19*k**2. Let z(j) = j - 4. Let b be z(6). Is o(b) prime?
False
Let g(z) = -215*z - 2. Let j be g(9). Let h = j - -3282. Suppose h = 3*i - 2*w, -3*i + 3*w + 1341 = -0*i. Is i prime?
False
Let c = -3 + 2. Let p = 4214 - 4207. Is p + 3/c + 1687 prime?
False
Let h(v) = 491*v**2 + 71*v - 387. Is h(7) prime?
True
Suppose 5*k - 98 = 32. Let f be 7830/k + (-10)/65 + -3. Suppose 10*u - 4872 - f = 0. Is u prime?
False
Let y(r) = r**2 + r + 20. Let c be y(0). Let p = c + -17. Suppose 4*n - h = 7873, 0 = -0*h - p*h - 15. Is n a prime number?
False
Let g be 1*2/(-6)*-21. Suppose -2*i + 2227 = -3*b, -3*i + 2*b = -g*i + 4462. Is i a prime number?
False
Is (-2964858)/(-14) + 1 - (13 + 470/(-35)) composite?
False
Let m(p) = -p + 17. Let h be m(12). Suppose -10 = -0*o - 2*o - 2*i, -25 = -h*i. Suppose 453 = 2*w + 5*j, o = -3*w - 2*j + 852 - 189. Is w a composite number?
True
Suppose 0 = 18*j - 336 - 834. Suppose -j*c + 61*c = -40028. Is c prime?
True
Let p = 116041 + -79659. Is p prime?
False
Let a be (-18)/6 - (-2 + -1). Suppose a = -17*b + 4*b + 8684. Suppose 5*l - 7*l = 5*u - 1677, 0 = -2*u + 2*l + b. Is u a composite number?
True
Let z(p) = -p**2 + 11*p - 2. Let d be z(11). Let r(m) = -316*m + 1. Let b be r(d). Is b/(-2)*(-8)/12 a prime number?
True
Is 31319/(-4)*(2/(-8) + 555/(-20)) composite?
True
Let u(w) = 12756*w - 1385. Is u(18) a prime number?
True
Suppose 15 - 34 = -5*r + 2*u, 4*r - 2 = -5*u. Let q be -2*r/18*9. Let a(w) = -33*w**3 + 2*w**2 - 2*w + 4. Is a(q) a prime number?
True
Suppose 508089 = 4*k + 5*j, -7*k + 2*j = -0*k - 889145. Is k a composite number?
True
Let z(j) = 22*j**3 - 6*j**2 + 2*j + 5. Let m(w) = -24*w**3 + 6*w**2 - 2*w - 5. Let v(b) = -3*m(b) - 4*z(b). Is v(-3) a composite number?
False
Suppose -3*g = 4*i - 0 - 7, -2*g = -2*i. Let n(o) = i - 7*o - 9*o**2 - o**3 - 5*o - 3*o + o. Is n(-11) a prime number?
True
Suppose -7617006 + 1093420 = -206*d + 12207788. Is d composite?
True
Suppose -12 = -3*g, -170 = 5*v + 5*g - 5. Let y = v + 37. Is 1 + y + (-4830)/(-23) prime?
True
Suppose -4*a = 2*o - 1844558, -4*a = -10*o - 1009744 - 834898. Is a prime?
True
Let k(r) = -202*r**3 + 11*r**2 - 8*r - 8. Let z be k(-6). Let t = z - 30219. Is t composite?
True
Suppose -399 = -20*m + 241. Suppose m*g - 326507 = 31797. Is g prime?
True
Let y = 6 - 4. Suppose -y*p + 2*u - 1888 = 1508, 2*u = p + 1702. Is (-30)/75 - p/10 prime?
False
Suppose 219291 = 47*n - 25109. Let j be (2/(-2) - 0) + -3466. Let f = n + j. Is f a composite number?
False
Let r be (-1 + -3038)/((14/6)/(-7)). Suppose -5*t + r = y, -4*y = t + 2395 - 38787. Is y prime?
False
Let j(w) = -w**3 + 4*w**2 + 7*w - 6. Let c be j(5). Let p be (1 - (-3 + c))/2. Suppose 4 = 2*k + 2, 5*q - 2*k - 368 = p. Is q a composite number?
True
Suppose 54*d = 52*d + 3166. Let r = 330 + d. Is r prime?
True
Let y(z) = z**3 + 7*z**2 + 9*z + 17. Let d be y(-6). Let c be 3*(-164)/72 + d/6. Is (4 + c)/(-9) + (-1118)/(-3) composite?
False
Let g(b) = -b - 4*b - 2 - 6*b**2 - b**3 - 2*b + 2*b. Let s be g(-5). Let x(u) = 170*u**2 + 5*u + 3. Is x(s) composite?
False
Suppose 5*y = 2*h - 4973, -12404 = 24*h - 29*h + 3*y. Is h prime?
False
Suppose -2*z - 4*l + 31305 = -121431, 229108 = 3*z + 4*l. Let o = -46261 + z. Is o composite?
True
Let m be (-10)/4 + 7656/16. Let x be (6/5)/((-4)/(-370)). Let b = x + m. Is b prime?
True
Let f(h) = -h**2 - 42*h - 53. Suppose -624*q + 618*q - 168 = 0. Is f(q) prime?
False
Is 53114*((180/(-8) - -13) + 10) composite?
False
Is (-6)/10 - ((-31107924)/5)/18 a composite number?
False
Let r(s) = -5*s**2 - 34*s - 20. Let l be r(-6). Let m be 2 - (-1)/1*1. Suppose 4*p - m*u = 3643, -4525 = -l*p - p - 2*u. Is p a composite number?
False
Let r(v) = 43*v**2 + 5*v - 27*v**2 - v**3 - 19*v**2 - 3 - 1. Let j(f) = -f**2 + 4. Let b be j(3). Is r(b) prime?
False
Let v(z) = -z**2 + 4*z + 11. Let s be v(5). Is 1*(-5 + s)*2533 a composite number?
True
Let y(a) be the third derivative of -a**4/24 - 29*a**3/6 + 24*a**2. Let t be y(-11). Is (-3)/(-2)*(-124428)/t a prime number?
True
Let p(g) = g**3 - 2*g - 56064. Let u be p(0). Let t = u - -79573. Is t prime?
True
Let o(x) = 31*x**2 - 5*x + 106. Let q be o(-33). Is q/9 - 10/90 composite?
True
Is (-6 + (-17949183)/28)*4/(-3) composite?
True
Let x = -3312 - -8381. Is x a composite number?
True
Suppose 71595 = j + 4*w - 75104, 2*j + 2*w - 293428 = 0. Is j prime?
True
Let t = 256 + 227. Suppose -2*z - 41 = -t. Is z a prime number?
False
Suppose -12*b - 4*b + 2144 = 0. Is (b/12*4)/((-2)/(-3)) a composite number?
False
Let m(x) = x**3 + 13*x**2 - 13*x - 15. Let l be m(-17). Let b = -487 - l. Is b prime?
True
Let h be 36/24*(-5)/(45/(-258)). Suppose h*c + 780 = 55*c. Is c composite?
True
Let l(i) = 2*i**2 + 2362. Let k = 82 - 79. Suppose -k*q - 2*x = 4, 0 = -4*q - q - 5*x - 10. Is l(q) composite?
True
Let l = 13813 - 150. Is l prime?
False
Let a = -314 - -316. Suppose 0*o - 7586 = -2*o - a*r, -4*r = 2*o - 7586. Is o prime?
True
Let l(b) = 2*b**2 - 17*b + 8. Let p be l(8). Suppose 5*k - n + 220049 = p, 3*k + 4315 + 127712 = 3*n. Is (-1)/(-8) - k/48 prime?
False
Is (-598569)/2*70/(-21) composite?
True
Is (-45)/(-5)*(-4)/(-12)*56359 prime?
False
Let o(f) = f**3 - 2*f**2 - 4*f + 7. Let z be o(3). Suppose -2667 = -5*x + 3*b - 12, -x + z*b = -514. Suppose -l - x = -4*l. Is l prime?
False
Let f be -2 + (-20)/(-12) - 19514/(-6). Let q = f - 433. Is q a composite number?
False
Suppose 0 = 4*t + 2*t + 6. Is (-11099)/(-11) + t + 1 prime?
True
Let w(t) = 428*t**2 - 5*t - 4. Let y(l) = l**2 + l. Let c(j) = -w(j) - 6*y(j). Let b be c(-2). Let q = 2687 - b. Is q composite?
True
Let t(x) be the second derivative of x**5/10 - 19*x**4/12 + 5*x**3/2 - 17*x**2/2 - 77*x. Is t(13) a prime number?
True
Suppose -16*s + 111146 = -2*s. Is s a prime number?
False
Let y = -75012 - -408265. Is y prime?
True
Let b(r) be the second derivative of 7/12*r**4 - 3*r**3 - 49*r - 1/4*r**5 + 0 - 13/2*r**2. Is b(-7) prime?
False
Let m(i) = -803*i - 7696. Is m(-81) a prime number?
True
Suppose 284*j = 287*j. Suppose j = -59*q + 297690 + 111829. Is q a prime number?
False
Let u(n) be the third derivative of n**5/12 + n**4/8 + 25*n**3/6 - 18*n**2. Let q(i) = i**2 - 2*i + 3. Let s be q(3). Is u(s) a composite number?
False
Let h = 31 - 34. Let z(y) = 22*y + 3. Let x be z(h). Is (-26411)/x + 4/(-18) composite?
False
Suppose 3*n - 89986 = q, -3*n + 2*q + 31420 = -58573. Is n a prime number?
False
Suppose 9*r + 65*r - 114182 = 0. Is r a composite number?
False
Suppose -7*z + 9*z - 7787 = h, -5*h - 7775 = -2*z. Let n = z + 3668. Is n composite?
True
Let u(l) = -3*l - 7. Let k be u(-11). Let t = -29 + k. Is (-10730)/(-35) + t/(-7) prime?
True
Is (35 - 1)/(62 - 66)*-8114 composite?
True
Suppose 3*w + 697783 = -o + 6*o, o - w - 139555 = 0. Is o a composite number?
True
Suppose -4*r = 4*c - 1026916, -5*c + 11*r = 10*r - 1283669. Is c a prime number?
False
Suppose r - 6*r = 160. Let p = 460 - 496. Let x = r - p. Is x composite?
True
Let a be (-1)/1*-5 - (2 - 1). Suppose -3*c - 2*c - 30 = -4*d, -33 = -5*d + a*c. Suppose -d*x + 2424 + 7671 = 0. Is x a prime number?
False
Is (48/(-9) - -4)*51764/(-32)*102 a composite number?
True
Suppose -1702463 = -15*z + 2962612. Is z a composite number?
True
Let o be (1 + 12 + 3)/((-3)/(-3054)). Suppose l + 15*l - o = 0. Is l a prime number?
False
Suppose 2*d = -3*d - 25, 2*d = x - 12. Let n(i) = 66*i**3 + 4*i**2 - 4*i + 2. Let t be n(x). Is t/(-4)*(-5 - -3) composite?
False
Let s = 14 + -12. Let c(t) = -3*t + 11. Let o be c(s). Suppose 4*k = -o*v + 2086, -2*k - 3*v + 1563 = k. Is k composite?
True
Let f be 9/1 - 4*2/(-4). Suppose 4*d - f*d = -56. Suppose d*l = 2*l + 2514. Is l composite?
False
Suppose s + 5*l + 22 = 25, -66 = -3*s + 4*l. Let v(x) be the first derivative of 28*x**2 + 41*x + 1. Is v(s) composite?
False
Let k be 42/((-6)/2) - -3. Let r be 32/(k/(2596/(-8))). Is -7 + (-60)/(-9) + r/6 a prime number?
True
Let w be (44/14)/(6/42). Suppose -4*k + 22 + w = 0. Suppose -5040 = -k*p - 937. Is p a composite number?
False
Suppose 4*r - 3*l - 87778 = 0, 18*l = -5*r + 24*l + 109727. Is r prime?
True
Suppose -13*o + 1663399 = -241